
Let i(j) = j**3 + 7*j**2 + 6*j - 6. Give i(-6).
-6
Let y(t) = t**3 + 12*t**2 + 11*t + 4. What is y(-11)?
4
Let a(r) = -r**3 + 7*r**2 - r - 4. Calculate a(7).
-11
Let q(d) = 4*d + 30. What is q(-13)?
-22
Let w(m) = m**3 - 2*m**2 - 6*m. Give w(3).
-9
Let l(o) = 40*o - 71. Give l(2).
9
Let g(w) = w. Give g(0).
0
Let p(c) = c**3 + 12*c**2 - 8*c + 1. Give p(-13).
-64
Let r(s) = -s**3 - 6*s**2 - 7*s - 5. What is r(-5)?
5
Let w(d) = -8*d + 141. Calculate w(20).
-19
Let w(j) = -j**2 + 6*j - 1. Give w(7).
-8
Let c(g) = g**3 + 10*g**2 + 8*g - 8. Give c(-9).
1
Let s(o) = -o**3 - 6*o**2 - o + 6. Give s(-6).
12
Let v(a) = -21*a**2 + 3*a + 2. What is v(2)?
-76
Let m(d) = -7*d + 13. Give m(2).
-1
Let s(t) = -14*t - 192. Give s(-14).
4
Let q(x) = x**3 + 39*x**2 + 2*x + 93. Calculate q(-39).
15
Let d(h) = -h**3 + 23*h**2 - h + 31. Calculate d(23).
8
Let q(b) = -6*b - 21. What is q(-4)?
3
Let v(c) = -8*c + 1. Determine v(3).
-23
Let o(u) = u**2 + 6*u - 3. Determine o(-7).
4
Let f(i) = 3*i - 14. Give f(7).
7
Let v(c) = c - 35. Determine v(17).
-18
Let f(m) = -9*m + 104. Calculate f(15).
-31
Let q(f) = 10*f**3 - 2*f**2 + f - 1. What is q(2)?
73
Let y(n) = n + 14. Give y(17).
31
Let c(x) = -x - 5. Calculate c(-2).
-3
Let y(d) = 32*d**2 - 195*d + 8. What is y(6)?
-10
Let i(b) = 8*b**3 + 2*b**2 - b. What is i(1)?
9
Let s(r) = r**3 - 8*r**2 - 4*r + 10. What is s(9)?
55
Let l(g) = -7*g + 40. What is l(6)?
-2
Let r(f) = f**3 - 8*f**2 - 2*f - 2. Determine r(8).
-18
Let u(c) = -5*c + 45. Determine u(7).
10
Let n(z) = 2*z**3 - z**2 + 3. Give n(-2).
-17
Let x(v) = 13*v**3 - v**2 - v - 2. What is x(-2)?
-108
Let b(t) = -3*t**2 - 22*t - 8. What is b(-7)?
-1
Let y(q) = 7*q - 2. Determine y(-2).
-16
Let u(b) = 13*b - 671. What is u(52)?
5
Let z(g) = 18*g - 12. Determine z(-4).
-84
Let v(m) = -6*m - 32. What is v(-14)?
52
Let v(l) = 3*l + 11. What is v(-7)?
-10
Let p(h) = -h**3 + 10*h**2 + 13*h - 18. What is p(11)?
4
Let a(k) = 2*k + 6. Determine a(-4).
-2
Let d(y) = y - 9. What is d(4)?
-5
Let j(p) = 4*p - 79. Calculate j(16).
-15
Let p(y) = -104*y**3 + 2*y**2 - y. Calculate p(1).
-103
Let k(m) = -13*m**3 + m**2 + 4*m + 2. Calculate k(-1).
12
Let z(v) = 34*v - 3. Calculate z(-2).
-71
Let x(o) = 2*o**2 - 94*o - 194. Calculate x(49).
2
Let o(j) = -8*j. Determine o(-4).
32
Let s(l) = -l**2 - 9*l - 10. Determine s(-8).
-2
Let h(q) = 2*q**3 - 7*q**2 - q - 6. Determine h(4).
6
Let z(w) = -3*w**2 - 31*w + 11. What is z(-11)?
-11
Let j(y) = -6*y**3 + 2*y**2 - 2*y + 3. Give j(2).
-41
Let q(c) = c**3 + 3*c**2 + 2*c - 1. What is q(-4)?
-25
Let p(u) = -u**2 - 88*u - 906. Give p(-12).
6
Let x(n) = 3*n - 8. Calculate x(5).
7
Let f(t) = 2*t + 8. Give f(6).
20
Let n(a) = 27*a**3 - 6*a + 5. Calculate n(1).
26
Let r(c) = -c + 78. Determine r(25).
53
Let f(p) = -p**3 + 8*p**2 + p + 9. Calculate f(8).
17
Let x(a) = -a**3 + 6*a**2 + 6*a + 7. Calculate x(7).
0
Let f(l) = l**2 + 39*l + 157. Calculate f(-5).
-13
Let v(r) = -12*r**2 + 130*r + 22. Calculate v(11).
0
Let u(h) = -2*h + 13. Determine u(4).
5
Let m(z) = -z**3 + 34*z**2 - 34*z + 23. What is m(33)?
-10
Let z(a) = 2*a + 25. Give z(13).
51
Let i(q) = -q**3 - 13*q**2 - 13*q - 17. Determine i(-12).
-5
Let a(z) = 7*z**2 - 84*z + 14. Determine a(12).
14
Let p(k) = -k**3 - 30*k**2 - 2*k - 63. Calculate p(-30).
-3
Let r(n) = 2*n**3 + 15*n**2 + 22*n - 12. Give r(-4).
12
Let p(k) = -k**2 + 9*k + 21. Calculate p(-2).
-1
Let c(n) = -n**3 + 12*n**2 + 9*n + 4. Calculate c(13).
-48
Let k(i) = 6*i - 4. Determine k(0).
-4
Let k(f) = -f + 7. What is k(4)?
3
Let q(g) = -4*g - 48. Determine q(14).
-104
Let s(i) = -6*i**2 + i + 1. Calculate s(-2).
-25
Let i(w) = w**3 + 21*w**2 - 20*w + 34. Calculate i(-22).
-10
Let y(f) = f**3 - 5*f**2 - 5*f - 14. Determine y(6).
-8
Let d(p) = -7*p + 11. What is d(-5)?
46
Let x(g) = -15*g**2 - g. What is x(-2)?
-58
Let k(o) = 18*o - 106. Give k(5).
-16
Let d(k) = k**3 - 9*k**2 + 11*k - 5. Determine d(8).
19
Let s(g) = -g**3 + 15*g**2 - 25*g - 13. Calculate s(13).
0
Let p(q) = -q**3 - 6*q**2 + 5*q - 14. What is p(-7)?
0
Let y(f) = -7*f + 9. Give y(4).
-19
Let t(p) = p**2 + 11*p + 38. Calculate t(-5).
8
Let r(j) = -j**3 - 6*j**2 - 8*j - 10. Give r(-4).
-10
Let c(a) = -a**2 - 21*a - 35. What is c(-15)?
55
Let f(x) = 5*x + 135. Determine f(-26).
5
Let a(w) = -49*w - 540. Determine a(-11).
-1
Let c(y) = -2*y**2 + 20*y + 44. What is c(12)?
-4
Let g(k) = -k**3 - 2*k**2 - 3*k. Calculate g(-3).
18
Let q(s) = s**2 - 22*s + 28. Give q(21).
7
Let s(m) = -11*m - 45. Give s(-8).
43
Let x(h) = h**2 - 6*h - 11. What is x(-2)?
5
Let x(c) = 9*c + 111. Determine x(-13).
-6
Let c(p) = 19*p**2 + p. What is c(1)?
20
Let y(x) = -2*x - 22. What is y(13)?
-48
Let b(v) = v - 8. Determine b(11).
3
Let c(b) = b**2 + 8*b + 6. Give c(-6).
-6
Let i(u) = -5*u - 290. What is i(-61)?
15
Let i(p) = -2*p + 2. What is i(-2)?
6
Let t(b) = -80*b + 3. What is t(-2)?
163
Let w(u) = 16*u**2 - u. Calculate w(1).
15
Let k(d) = -d**3 + 8*d**2 - 5*d - 6. Give k(7).
8
Let m(n) = n**3 + 11*n**2 + 4*n + 9. Determine m(-11).
-35
Let b(m) = 7*m + 43. Determine b(-7).
-6
Let m(b) = 3*b**2 + 7*b + 8. Give m(-4).
28
Let d(z) = -z**2 + 4*z + 3. Calculate d(-3).
-18
Let b(r) = 5*r**2 + 12*r + 9. Calculate b(-2).
5
Let b(c) = 11*c**2 - 3*c + 1. Determine b(1).
9
Let y(m) = -2*m - 1. What is y(1)?
-3
Let c(r) = -78*r - 1. Determine c(-1).
77
Let n(y) = -y - 23. Determine n(-8).
-15
Let v(z) = -z**2 - 21*z + 38. What is v(-24)?
-34
Let i(n) = -n**2 + 22*n - 67. What is i(16)?
29
Let a(r) = r**2 + 3*r + 106. Calculate a(0).
106
Let h(i) = -3*i + 19. Calculate h(10).
-11
Let d(m) = -m**2 + 10*m. Determine d(9).
9
Let r(h) = -h**2 + 86*h - 625. Determine r(8).
-1
Let t(k) = -k**2 - 8*k + 2. What is t(-10)?
-18
Let w(o) = o**2 + 11*o - 9. What is w(-13)?
17
Let w(x) = -5*x + 16. Calculate w(4).
-4
Let a(m) = -5*m - 1. Give a(4).
-21
Let r(i) = -i**2 + 5*i + 58. What is r(11)?
-8
Let w(j) = 270*j - 2698. Calculate w(10).
2
Let q(c) = -c**2 - 28*c + 35. Determine q(-29).
6
Let v(f) = -5*f - 36. Give v(-8).
4
Let z(d) = -6*d + 26. Calculate z(5).
-4
Let b(o) = o**3 + 13*o**2 + 8*o - 34. What is b(-12)?
14
Let j(a) = -9*a - 668. Calculate j(-72).
-20
Let l(r) = r**3 - 19*r**2 + 21*r + 13. Give l(18).
67
Let m(h) = -h**3 + 14*h**2 + 31*h - 24. Give m(16).
-40
Let k(y) = -9*y**2 + 1. Give k(1).
-8
Let n(v) = -v**3 - 4*v**2 - 6*v - 3. Determine n(-2).
1
Let z(p) = -p**2 + 4*p + 3. What is z(-4)?
-29
Let d(n) = -65*n + 128. Give d(2).
-2
Let v(m) = 5*m**2 + 3*m + 14. Determine v(5).
154
Let h(j) = -2*j + 21. What is h(11)?
-1
Let j(f) = 16*f + 1. What is j(-1)?
-15
Let v(y) = y**3 - 4*y**2 + 3*y + 2. Give v(3).
2
Let a(k) = -14*k**3 + 2*k**2 - 1. Give a(1).
-13
Let u(t) = t**2 - 6*t - 26. What is u(13)?
65
Let l(d) = d**2 - 7*d - 93. Give l(14).
5
Let c(l) = l**2 - 12*l - 27. Determine c(15).
18
Let a(j) = -j + 22. Calculate a(-20).
42
Let w(v) = -v**2 + 6*v + 3. Determine w(7).
-4
Let j(z) = z**3 + 6*z**2 + 6. Determine j(-7).
-43
Let o(f) = -f**2 - 16*f - 25. Determine o(-13).
14
Let j(x) = 3*x**2 - 51*x + 30. Determine j(17).
30
Let m(j) = -58*j**2 - 2*j + 1. Determine m(1).
-59
Let v(i) = i**2 + 3*i + 15. Calculate v(-6).
33
Let o(g) = -9*g**2 + 2*g + 15. Determine o(4).
-121
Let a(s) = -s**3 - 2*s**2 + 9*s + 14. Calculate a(-3).
-4
Let w(y) = y**2 - 7*y + 12. Calculate w(4).
0
Let l(y) = -y**3 - 12*y**2 - 29*y + 10. What is l(-8)?
-14
Let y(x) = -2*x**3 + 7*x**2 - 4*x - 2. Give y(4).
-34
Let o(q) = 9*q**2 - 11*q + 19. Give o(3).
67
Let d(s) = -s**2 + 9*s + 28. Calculate d(12).
-8
Let v(h) = 2*h**3 + 6*h**2 + 3*h. Determine v(-2).
2
Let k(l) = 2*l**3 + 3*l**2. Determine k(-2).
-4
Let f(b) = 2*b**3 - 6*b**2 - 2*b + 2. Give f(3).
-4
Let a(r) = 9*r + 65. What is a(-8)?
-7
Let h(o) = -2*o**2 - 39*o - 162. Calculate h(-14).
-8
Let v(u) = u**3 - 9*u**2 + 19*u - 3. What is v(6)?
3
Let b(a) = 10*a + 3. Calculate b(4).
43
Let z(u) = u**2 + 3. Calculate z(3).
12
Let p(z) = 2*z + 43. Calculate p(-16).
11
Let f(l) = -l**2 + 38. What is f(0)?
38
Let l(r) = 10*r - 177. Give l(19).
13
Let w(t) = -t**2 + 5*t + 17. Give w(8).
-7
Let b(i) = -i**2 + 2*i + 82. Determine b(10).
2
Let c(s) = 10*s + 31. Give c(-7).
-39
Let b(x) = -x**3 + 9*x**2 + 8*x + 2. Calculate b(9).
74
Let x(z) = -2*z**2 - 8*z - 3. Determi